 j(k) = 2*k**2 + 304*k + 1728. Determine j(-6).
-24
Let z(x) = -x**3 - 54*x**2 + 116*x + 176. Calculate z(-56).
-48
Let v(a) = -3*a**3 + 2*a**2 + 14*a + 8. Calculate v(-4).
176
Let u(b) = b**3 - 10*b**2 - 27*b + 8. Determine u(12).
-28
Let h(m) = -m**3 + 6*m**2 - 18*m - 80. Give h(9).
-485
Let f(t) = -381*t + 39630. Determine f(104).
6
Let u(q) = q**2 - 89*q + 186. Give u(87).
12
Let j(a) = a**2 - 8*a + 16. Calculate j(5).
1
Let b(u) = 46*u**2 + 300*u + 12. Give b(-7).
166
Let n(b) = 2*b**2 - 26*b + 49. Determine n(8).
-31
Let k(v) = 4*v**2 + 121*v + 42. Determine k(-30).
12
Let h(z) = 22*z - 89. Give h(5).
21
Let w(c) = -315*c - 37797. Give w(-120).
3
Let s(l) = 2*l**2 + 3361*l + 11. Determine s(0).
11
Let n(u) = -u**3 + 65*u**2 + 126*u - 3963. Calculate n(66).
-3
Let g(z) = 3*z**2 - 252*z + 939. What is g(80)?
-21
Let u(d) = 15*d - 133. What is u(50)?
617
Let p(k) = 226*k - 4957. Give p(22).
15
Let v(z) = -49*z**2 + 6471*z - 395. Give v(132).
1
Let n(g) = g**3 - 181*g**2 + 164*g + 2872. Give n(180).
-8
Let y(k) = -59*k + 448. Calculate y(-9).
979
Let u(v) = v**2 + 17*v - 246. Give u(9).
-12
Let f(j) = -j**2 + 15*j + 37. What is f(-3)?
-17
Let u(w) = -w**2 - 105*w + 784. Determine u(-112).
0
Let k(m) = -205*m - 117. Calculate k(-1).
88
Let t(k) = -3*k**2 + 104*k + 3578. Determine t(56).
-6
Let k(a) = -1278*a - 11497. What is k(-9)?
5
Let q(a) = -13310*a - 26623. Give q(-2).
-3
Let g(r) = -9*r + 60. Calculate g(-11).
159
Let m(n) = 14*n**2 + 8*n. Determine m(-3).
102
Let t(s) = s**2 - 130*s + 2519. Give t(24).
-25
Let y(o) = -5*o**2 - 319*o - 245. What is y(-63)?
7
Let b(w) = -1666*w - 38319. What is b(-23)?
-1
Let s(b) = -226*b + 3432. What is s(15)?
42
Let r(l) = 50*l**2 + 69*l + 98. Give r(-2).
160
Let k(f) = -35*f**2 + 773*f + 32. Give k(22).
98
Let p(d) = 4*d**2 - 326*d + 3414. What is p(11)?
312
Let g(z) = -z**3 + z**2 + 18*z - 27. Determine g(9).
-513
Let f(v) = 220*v + 10361. Give f(-47).
21
Let d(j) = j**3 - 34*j**2 + 207*j + 32. Determine d(8).
24
Let s(n) = -n**3 + 6*n**2 - 14*n + 137. Calculate s(8).
-103
Let r(m) = 2*m**2 - 42*m + 102. What is r(18)?
-6
Let i(h) = -2521*h - 2497. Calculate i(-1).
24
Let h(j) = -j**3 + 51*j**2 - 93*j - 183. Determine h(49).
62
Let x(m) = -67*m - 210. What is x(-3)?
-9
Let g(s) = -109*s + 16455. What is g(151)?
-4
Let v(u) = 37*u**2 + 113*u - 13. Determine v(-5).
347
Let d(c) = 5*c**2 + 29*c - 58. Determine d(-10).
152
Let o(n) = n**3 - 5*n**2 - 18*n + 85. Calculate o(8).
133
Let n(g) = 810*g + 6487. What is n(-8)?
7
Let c(h) = -35*h - 3261. Give c(-92).
-41
Let s(l) = -84*l**2 - 2016*l - 12. What is s(-24)?
-12
Let d(n) = -14*n**3 + n**2 - 19*n - 20. What is d(-1)?
14
Let l(w) = -w**3 + 9*w**2 + 32*w + 18. Give l(12).
-30
Let o(g) = 1576*g - 1576. Calculate o(1).
0
Let u(j) = -j**2 - 7*j - 180. Calculate u(-12).
-240
Let w(f) = 11*f**2 - 1694*f - 4. Calculate w(154).
-4
Let w(u) = -u**3 + 20*u**2 + 25*u - 66. Give w(21).
18
Let j(a) = 125*a + 14. Give j(-2).
-236
Let q(m) = -3*m**2 - 148*m + 1442. Calculate q(-57).
131
Let x(k) = -197*k + 389. Calculate x(2).
-5
Let q(n) = -4*n**2 - 270*n + 710. Give q(-70).
10
Let c(v) = 2*v**2 - 70*v + 442. What is c(26)?
-26
Let j(l) = -l**3 - 28*l**2 - 107*l + 1356. Give j(-17).
-4
Let r(k) = -3*k**3 + 48*k**2 + 86*k - 20. What is r(-2)?
24
Let q(o) = 2*o**2 - 14*o - 198. Calculate q(12).
-78
Let l(u) = 30*u + 45. What is l(-2)?
-15
Let x(n) = 2*n**3 + 9*n**2 + 2*n + 12. Determine x(-6).
-108
Let w(t) = -13*t**2 - 34*t + 17. What is w(-4)?
-55
Let c(n) = -n**3 - 14*n**2 - 29*n + 26. Determine c(-12).
86
Let w(d) = -d**3 - 9*d**2 + 75*d - 596. Give w(-16).
-4
Let o(g) = -g**3 + 22*g**2 - 109*g + 83. Determine o(6).
5
Let l(c) = 7*c**2 - 22*c + 24. Calculate l(2).
8
Let l(m) = -9*m + 82. What is l(7)?
19
Let g(y) = 677*y + 2009. Determine g(-3).
-22
Let w(g) = -2*g**3 + 31*g**2 + 6*g - 36. Determine w(13).
887
Let z(p) = -324*p + 31140. What is z(96)?
36
Let l(g) = g**3 - 15*g**2 - 96*g - 9. Determine l(-4).
71
Let h(q) = 22*q - 933. Determine h(44).
35
Let x(w) = w**3 - 57*w**2 - 26*w + 1484. What is x(57)?
2
Let a(q) = 129*q + 11719. Calculate a(-91).
-20
Let v(u) = -u**3 - 16*u**2 + 5*u + 112. Calculate v(-15).
-188
Let m(l) = -1630*l + 9798. Determine m(6).
18
Let p(y) = 11*y - 327. Calculate p(5).
-272
Let h(d) = -13*d + 553. Give h(37).
72
Let o(z) = z**2 - 94*z + 1990. What is o(62)?
6
Let l(k) = -3*k**2 + 88*k - 432. Determine l(23).
5
Let z(q) = 36*q + 700. Calculate z(-21).
-56
Let u(y) = -4*y**2 - 4*y + 1. Calculate u(1).
-7
Let n(w) = 18*w + 1264. Give n(-66).
76
Let k(o) = 138*o - 1512. Calculate k(11).
6
Let d(w) = 51*w**2 - 6*w + 9. What is d(2)?
201
Let r(g) = -3*g**2 + 41*g + 35. Calculate r(15).
-25
Let v(j) = j**3 - 2*j**2 - 5844*j + 23349. Calculate v(4).
5
Let b(v) = -175*v + 578. Determine b(4).
-122
Let x(w) = -11*w - 978. What is x(-89)?
1
Let g(x) = 9*x**2 + 84*x - 5. What is g(-10)?
55
Let s(j) = j**3 - 17*j**2 - 9*j - 17. Calculate s(10).
-807
Let w(n) = -2*n**2 + 216*n + 207. Give w(109).
-11
Let c(y) = -282*y - 281. Determine c(-1).
1
Let y(r) = -2*r**2 + 53*r - 94. Give y(25).
-19
Let w(a) = 4393*a - 13177. What is w(3)?
2
Let z(k) = -25*k + 549. Give z(22).
-1
Let w(d) = -36*d + 1045. Give w(30).
-35
Let c(b) = -244*b + 2003. Give c(8).
51
Let f(d) = 2*d**3 - 109*d**2 - 60*d + 273. What is f(55)?
-2
Let j(v) = 396*v**2 + 40*v + 40. Give j(-1).
396
Let l(o) = 11*o**2 + 25*o + 14. What is l(-4)?
90
Let s(q) = -327*q + 2607. Calculate s(8).
-9
Let m(j) = j**3 - 48*j**2 - 8*j + 374. Calculate m(48).
-10
Let o(h) = 2*h**2 - 282*h - 331. Calculate o(142).
-47
Let d(c) = -43*c - 758. Give d(-19).
59
Let s(p) = 8*p**2 - 174*p + 50. Give s(21).
-76
Let d(r) = 3*r**2 + 807*r + 5590. What is d(-7)?
88
Let x(n) = n**3 - 4*n**2 + 9*n - 22. Give x(3).
-4
Let f(v) = -5*v**2 + v + 8. Give f(-2).
-14
Let c(l) = 26*l**3 - 306*l**2 - 8*l - 21. Give c(12).
747
Let l(v) = -v**3 + 20*v**2 + 72*v - 7. What is l(23)?
62
Let x(b) = 1053*b + 4223. Determine x(-4).
11
Let o(m) = m**3 + 2*m**2 + m - 1. Determine o(-1).
-1
Let d(l) = 2*l**2 + 24*l - 53. What is d(-21)?
325
Let n(p) = 2*p**2 + 36*p - 271. Determine n(6).
17
Let l(p) = -p**2 + 79*p - 175. Give l(0).
-175
Let g(q) = -q**2 - 616*q + 4987. Give g(8).
-5
Let v(q) = -98*q**3 + q**2 - q - 1. Determine v(-1).
99
Let v(m) = m**3 + 15*m**2 + 22*m + 11. Determine v(-14).
-101
Let z(m) = 36*m**2 - 395*m - 46. Calculate z(11).
-35
Let r(s) = s**3 - 4*s**2 - 72*s - 7. Give r(0).
-7
Let c(w) = w**3 - 18*w**2 + 38*w - 93. Calculate c(16).
3
Let s(k) = -385*k + 682. Calculate s(2).
-88
Let w(h) = 61*h + 1465. Give w(-24).
1
Let d(c) = 2*c**2 + 6*c - 22. Give d(15).
518
Let r(p) = 1022*p + 2455. Determine r(-3).
-611
Let c(k) = -2*k**2 + 2079*k + 10394. What is c(-5)?
-51
Let h(c) = 137*c + 524. Determine h(-4).
-24
Let j(h) = 47*h**2 - 445*h - 3. What is j(9)?
-201
Let a(z) = -3*z**3 + 80*z**2 - 47*z - 151. What is a(26)?
-21
Let h(f) = -10*f**2 - 718*f - 1270. Give h(-70).
-10
Let q(h) = h**3 - 135*h**2 - 144*h + 1061. Calculate q(136).
-27
Let f(t) = t**2 - 22*t + 111. Determine f(14).
-1
Let n(z) = z**3 + 11*z**2 + 5233*z + 46955. Give n(-9).
20
Let w(v) = -53*v + 280. Give w(5).
15
Let z(x) = x**2 + 5*x + 31. Give z(7).
115
Let z(w) = -18*w**3 + 231*w**2 + 28*w + 5. Calculate z(13).
-138
Let v(z) = -4*z**3 - 8*z**2 + z - 7. Determine v(-4).
117
Let y(z) = -196*z - 6144. Determine y(-30).
-264
Let v(t) = t**3 + 12*t**2 + 30*t - 10. Determine v(-4).
-2
Let c(f) = -53*f - 252. Determine c(-3).
-93
Let c(x) = 10*x**3 + x**2 - 283*x - 285. Determine c(-1).
-11
Let b(r) = r**3 - 11*r**2 - 11*r + 190. What is b(10)?
-20
Let f(j) = 2*j**2 - 1356*j + 5396. Give f(4).
4
Let j(g) = -419*g - 355. What is j(-1)?
64
Let f(h) = h**2 + 184*h + 7378. Determine f(-59).
3
Let j(s) = 163*s + 7. What is j(0)?
7
Let f(l) = -l**3 + 56*l**2 - 586*l - 135. Calculate f(42).
-51
Let o(n) = -n**3 + 30*n**2 + 214*n - 18. Calculate o(-6).
-6
Let s(m) = -2762*m + 33151. Calculate s(12).
7
Let p(y) = 141*y + 187. Calculate p(0).
187
Let y(z) = -2*z**2 + 10*z - 23. Calculate y(2).
-11
Let j(u) = 132*u + 1902. Give j(-12).
318
Let l(r) = -6*r**2 + 78*r - 236. Determine l(8).
4
Let z(f) = -10*f + 70. What is z(-6)?
130
Let w(i) = i**3 - 